{"id":20,"date":"2025-03-25T17:54:17","date_gmt":"2025-03-25T16:54:17","guid":{"rendered":"https:\/\/fibrazur.com\/?page_id=20"},"modified":"2025-03-26T16:22:15","modified_gmt":"2025-03-26T15:22:15","slug":"connexions-internet-solutions-de-raccordement","status":"publish","type":"page","link":"https:\/\/fibrazur.com\/index.php\/connexions-internet-solutions-de-raccordement\/","title":{"rendered":"Connexions Internet &#8211; Solutions de Raccordement"},"content":{"rendered":"\n<h4 class=\"wp-block-heading has-text-align-center\">Votre sp\u00e9cialiste des connexions Internet dans les Alpes-Maritimes<\/h4>\n\n\n\n<p class=\"has-text-align-center\">Depuis 2019, <strong>FIBR&#8217;AZUR<\/strong> vous accompagne pour tous vos besoins en connexion Internet, que ce soit pour un raccordement complexe, une am\u00e9lioration de votre r\u00e9seau ou une alternative aux solutions classiques. Nous intervenons \u00e0 Nice et dans tout le d\u00e9partement des Alpes-Maritimes, de la c\u00f4te aux vall\u00e9es, afin de vous garantir une connexion fiable et performante.<\/p>\n\n\n\n<h5 class=\"wp-block-heading has-text-align-center\">Nos prestations en connexion Internet<\/h5>\n\n\n\n<p class=\"has-text-align-center\">Nous proposons un large \u00e9ventail de services pour vous permettre de profiter d\u2019une connexion Internet optimale :<\/p>\n\n\n\n<h3 class=\"wp-block-heading has-text-align-center\">\ud83d\udee0\ufe0f Raccordement Internet<\/h3>\n\n\n\n<p class=\"has-text-align-center\">Reprise des raccordements non performants ou non esth\u00e9tiques r\u00e9alis\u00e9s par les op\u00e9rateurs.<\/p>\n\n\n\n<p class=\"has-text-align-center\">Raccordement des logements que les op\u00e9rateurs n&#8217;ont pas r\u00e9ussi \u00e0 raccorder.<\/p>\n\n\n\n<p class=\"has-text-align-center\">Solutions pour les habitations mal desservies par la fibre ou l&#8217;ADSL.<\/p>\n\n\n\n<p class=\"has-text-align-center\">Mise en place de connexions Internet en zone blanche.<\/p>\n\n\n\n<figure class=\"wp-block-image aligncenter size-large is-resized\"><img loading=\"lazy\" decoding=\"async\" width=\"1024\" height=\"1024\" src=\"http:\/\/fibrazur.com\/wp-content\/uploads\/2025\/03\/man-with-laptop-talking-mobile-1024x1024.jpg\" alt=\"\" class=\"wp-image-133\" style=\"width:238px;height:auto\" srcset=\"https:\/\/fibrazur.com\/wp-content\/uploads\/2025\/03\/man-with-laptop-talking-mobile-1024x1024.jpg 1024w, https:\/\/fibrazur.com\/wp-content\/uploads\/2025\/03\/man-with-laptop-talking-mobile-300x300.jpg 300w, https:\/\/fibrazur.com\/wp-content\/uploads\/2025\/03\/man-with-laptop-talking-mobile-150x150.jpg 150w, https:\/\/fibrazur.com\/wp-content\/uploads\/2025\/03\/man-with-laptop-talking-mobile-768x768.jpg 768w\" sizes=\"auto, (max-width: 1024px) 100vw, 1024px\" \/><\/figure>\n\n\n\n<h3 class=\"wp-block-heading has-text-align-center\">\ud83d\udee0\ufe0f Optimisation du r\u00e9seau Internet<\/h3>\n\n\n\n<p class=\"has-text-align-center\">Am\u00e9lioration du d\u00e9bit et de la couverture WiFi dans votre habitation, dans vos locaux, y compris en ext\u00e9rieur.<\/p>\n\n\n\n<p class=\"has-text-align-center\">Installation de r\u00e9p\u00e9teurs et de solutions Mesh pour une meilleure port\u00e9e.<\/p>\n\n\n\n<p class=\"has-text-align-center\"> C\u00e2blage r\u00e9seau RJ45 pour une connexion stable et performante.<\/p>\n\n\n\n<p class=\"has-text-align-center\">S\u00e9curisation et optimisation des r\u00e9seaux professionnels et domestiques.<\/p>\n\n\n\n<h3 class=\"wp-block-heading has-text-align-center\">\ud83d\udee0\ufe0f Solutions alternatives Internet<\/h3>\n\n\n\n<p class=\"has-text-align-center\">Installation de routeurs 4G\/5G pour un acc\u00e8s rapide et stable.<\/p>\n\n\n\n<p class=\"has-text-align-center\">Mise en place de connexions satellites pour les zones isol\u00e9es.<\/p>\n\n\n\n<p class=\"has-text-align-center\">\u00c9tude et mise en \u0153uvre de solutions hybrides pour une connexion continue.<\/p>\n\n\n\n<h3 class=\"wp-block-heading has-text-align-center\">\ud83d\udee0\ufe0f Maintenance et d\u00e9pannage<\/h3>\n\n\n\n<p class=\"has-text-align-center\">Diagnostic et correction des probl\u00e8mes de connexion.<\/p>\n\n\n\n<p class=\"has-text-align-center\">Remplacement et configuration de box Internet et \u00e9quipements r\u00e9seau.<\/p>\n\n\n\n<p class=\"has-text-align-center\">Assistance et conseils pour am\u00e9liorer la performance de votre connexion.<\/p>\n\n\n\n<h2 class=\"wp-block-heading has-text-align-center\">Pourquoi choisir FIBR&#8217;AZUR ?<\/h2>\n\n\n\n<p class=\"has-text-align-center\">\u2714\ufe0f <strong>Expertise et savoir-faire<\/strong> : Une entreprise locale avec plusieurs ann\u00e9es d&#8217;exp\u00e9rience<\/p>\n\n\n\n<p class=\"has-text-align-center\">\u2714\ufe0f <strong>Solutions sur mesure<\/strong> : Des prestations adapt\u00e9es \u00e0 votre situation et votre localisation<\/p>\n\n\n\n<p class=\"has-text-align-center\">\u2714\ufe0f <strong>Intervention rapide<\/strong> : Disponibilit\u00e9 et r\u00e9activit\u00e9 sur toute la r\u00e9gion<\/p>\n\n\n\n<p class=\"has-text-align-center\">\u2714\ufe0f <strong>Qualit\u00e9 et fiabilit\u00e9<\/strong> : Des solutions performantes pour une connexion optimale<\/p>\n\n\n\n<h2 class=\"wp-block-heading has-text-align-center\"><a href=\"https:\/\/fibrazur.com\/index.php\/contactez-nous\/\">Contactez-nous<\/a><\/h2>\n\n\n\n<p class=\"has-text-align-center\">Vous avez des probl\u00e8mes de connexion Internet ou besoin d\u2019un raccordement ? <strong>Jean-Philippe et Julien sont \u00e0 votre disposition<\/strong> pour vous conseiller et intervenir rapidement.<\/p>\n\n\n\n<p class=\"has-text-align-center\"><a href=\"https:\/\/fibrazur.com\/index.php\/contactez-nous\/\">\ud83d\udcde <strong>Contactez-nous d\u00e8s aujourd\u2019hui pour un diagnostic et un devis gratuit !<\/strong><\/a><\/p>\n\n\n\n<p class=\"has-text-align-center\"><strong>\ud83d\udccd FIBR&#8217;AZUR intervient dans tout le d\u00e9partement des Alpes-Maritimes (06) :<\/strong><\/p>\n\n\n\n<p class=\"has-text-align-center\">Nice, Antibes, Cannes, Grasse, Cagnes-sur-Mer, Menton, Le Cannet, Saint-Laurent-du-Var, Vallauris, Mougins, Mandelieu-la-Napoule, Vence, Beausoleil, Roquebrune-Cap-Martin, La Trinit\u00e9, Carros, Valbonne, Villeneuve-Loubet, Biot, P\u00e9gomas, La Colle-sur-Loup, Mouans-Sartoux, Cap-d&#8217;Ail, Saint-Andr\u00e9-de-la-Roche, \u00c8ze, Peymeinade, La Gaude, Contes, Tourrette-Levens, Le Rouret, Opio, Gatti\u00e8res, Drap, Saint-C\u00e9zaire-sur-Siagne, Castagniers, Aspremont, Ch\u00e2teauneuf-Grasse, Sospel, Peille, Peillon, L&#8217;Escar\u00e8ne, Saint-Jeannet, Beaulieu-sur-Mer, Th\u00e9oule-sur-Mer, Berre-les-Alpes, Saint-Paul-de-Vence, Coursegoules, Le Bar-sur-Loup, Tende, Breil-sur-Roya, Fontan, Saorge, Lantosque, Roquest\u00e9ron, Gilette, Saint-Martin-du-Var, Tourrettes-sur-Loup, Puget-Th\u00e9niers, Utelle, Luc\u00e9ram, Clans, Bouyon, Saint-Auban, La Roquette-sur-Var, Sigale, Marie, Saint-\u00c9tienne-de-Tin\u00e9e, Isola, Roubion, Roure, Ilonse, Valdeblore, Venanson, Beuil, Saint-Martin-V\u00e9subie, Guillaumes, Entraunes, P\u00e9one.<\/p>\n\n\n\n<p class=\"has-text-align-center\">\ud83c\udf0d <em>Interventions en ville, en bord de mer et dans les vall\u00e9es des Alpes-Maritimes !<\/em><\/p>\n\n\n\n<figure class=\"wp-block-gallery has-nested-images columns-default is-cropped wp-block-gallery-1 is-layout-flex wp-block-gallery-is-layout-flex\">\n<figure class=\"wp-block-image size-large is-style-default\"><img loading=\"lazy\" decoding=\"async\" width=\"1024\" height=\"338\" data-id=\"89\" src=\"https:\/\/fibrazur.com\/wp-content\/uploads\/2025\/03\/LOGO-NORDNET-1024x338.jpg\" alt=\"\" class=\"wp-image-89\" srcset=\"https:\/\/fibrazur.com\/wp-content\/uploads\/2025\/03\/LOGO-NORDNET-1024x338.jpg 1024w, https:\/\/fibrazur.com\/wp-content\/uploads\/2025\/03\/LOGO-NORDNET-300x99.jpg 300w, https:\/\/fibrazur.com\/wp-content\/uploads\/2025\/03\/LOGO-NORDNET-768x254.jpg 768w, https:\/\/fibrazur.com\/wp-content\/uploads\/2025\/03\/LOGO-NORDNET.jpg 1181w\" sizes=\"auto, (max-width: 1024px) 100vw, 1024px\" \/><\/figure>\n\n\n\n<figure class=\"wp-block-image size-large is-style-default\"><img loading=\"lazy\" decoding=\"async\" width=\"538\" height=\"538\" data-id=\"87\" src=\"https:\/\/fibrazur.com\/wp-content\/uploads\/2025\/03\/bouygues.png\" alt=\"\" class=\"wp-image-87\" srcset=\"https:\/\/fibrazur.com\/wp-content\/uploads\/2025\/03\/bouygues.png 538w, https:\/\/fibrazur.com\/wp-content\/uploads\/2025\/03\/bouygues-300x300.png 300w, https:\/\/fibrazur.com\/wp-content\/uploads\/2025\/03\/bouygues-150x150.png 150w\" sizes=\"auto, (max-width: 538px) 100vw, 538px\" \/><\/figure>\n\n\n\n<figure class=\"wp-block-image size-large is-style-default\"><img loading=\"lazy\" decoding=\"async\" width=\"538\" height=\"538\" data-id=\"86\" src=\"https:\/\/fibrazur.com\/wp-content\/uploads\/2025\/03\/SFR.png\" alt=\"\" class=\"wp-image-86\" srcset=\"https:\/\/fibrazur.com\/wp-content\/uploads\/2025\/03\/SFR.png 538w, https:\/\/fibrazur.com\/wp-content\/uploads\/2025\/03\/SFR-300x300.png 300w, https:\/\/fibrazur.com\/wp-content\/uploads\/2025\/03\/SFR-150x150.png 150w\" sizes=\"auto, (max-width: 538px) 100vw, 538px\" \/><\/figure>\n\n\n\n<figure class=\"wp-block-image aligncenter size-large is-style-default\"><img loading=\"lazy\" decoding=\"async\" width=\"1024\" height=\"576\" data-id=\"85\" src=\"https:\/\/fibrazur.com\/wp-content\/uploads\/2025\/03\/Orange-S.A.-Logo-1024x576.png\" alt=\"\" class=\"wp-image-85\" srcset=\"https:\/\/fibrazur.com\/wp-content\/uploads\/2025\/03\/Orange-S.A.-Logo-1024x576.png 1024w, https:\/\/fibrazur.com\/wp-content\/uploads\/2025\/03\/Orange-S.A.-Logo-300x169.png 300w, https:\/\/fibrazur.com\/wp-content\/uploads\/2025\/03\/Orange-S.A.-Logo-768x432.png 768w, https:\/\/fibrazur.com\/wp-content\/uploads\/2025\/03\/Orange-S.A.-Logo-1536x864.png 1536w, https:\/\/fibrazur.com\/wp-content\/uploads\/2025\/03\/Orange-S.A.-Logo-2048x1152.png 2048w\" sizes=\"auto, (max-width: 1024px) 100vw, 1024px\" \/><\/figure>\n\n\n\n<figure class=\"wp-block-image size-large\"><img loading=\"lazy\" decoding=\"async\" width=\"512\" height=\"512\" data-id=\"84\" src=\"https:\/\/fibrazur.com\/wp-content\/uploads\/2025\/03\/free.png\" alt=\"\" class=\"wp-image-84\" srcset=\"https:\/\/fibrazur.com\/wp-content\/uploads\/2025\/03\/free.png 512w, https:\/\/fibrazur.com\/wp-content\/uploads\/2025\/03\/free-300x300.png 300w, https:\/\/fibrazur.com\/wp-content\/uploads\/2025\/03\/free-150x150.png 150w\" sizes=\"auto, (max-width: 512px) 100vw, 512px\" \/><\/figure>\n\n\n\n<figure class=\"wp-block-image size-large\"><img loading=\"lazy\" decoding=\"async\" width=\"800\" height=\"996\" data-id=\"90\" src=\"https:\/\/fibrazur.com\/wp-content\/uploads\/2025\/03\/Starlink_Logo_2024.svg.png\" alt=\"\" class=\"wp-image-90\" srcset=\"https:\/\/fibrazur.com\/wp-content\/uploads\/2025\/03\/Starlink_Logo_2024.svg.png 800w, https:\/\/fibrazur.com\/wp-content\/uploads\/2025\/03\/Starlink_Logo_2024.svg-241x300.png 241w, https:\/\/fibrazur.com\/wp-content\/uploads\/2025\/03\/Starlink_Logo_2024.svg-768x956.png 768w\" sizes=\"auto, (max-width: 800px) 100vw, 800px\" \/><\/figure>\n<\/figure>\n","protected":false},"excerpt":{"rendered":"<p>Votre sp\u00e9cialiste des connexions Internet dans les Alpes-Maritimes Depuis 2019, FIBR&#8217;AZUR vous accompagne pour tous vos besoins en connexion Internet, que ce soit pour un raccordement complexe, une am\u00e9lioration de votre r\u00e9seau ou une alternative aux solutions classiques. Nous intervenons \u00e0 Nice et dans tout le d\u00e9partement des Alpes-Maritimes, de la c\u00f4te aux vall\u00e9es, afin [&hellip;]<\/p>\n","protected":false},"author":1,"featured_media":0,"parent":0,"menu_order":0,"comment_status":"closed","ping_status":"closed","template":"","meta":{"footnotes":""},"class_list":["post-20","page","type-page","status-publish","hentry"],"blocksy_meta":[],"yoast_head":"<!-- This site is optimized with the Yoast SEO plugin v27.1.1 - https:\/\/yoast.com\/product\/yoast-seo-wordpress\/ -->\n<title>Connexions Internet - Solutions de Raccordement - Fibr&#039;Azur<\/title>\n<meta name=\"description\" content=\"Besoin d&#039;un raccordement Internet performant \u00e0 Nice et dans les Alpes-Maritimes ? FIBR&#039;AZUR optimise votre connexion : fibre, 4G, satellite, WiFi et r\u00e9seau RJ45. Contactez-nous !\" \/>\n<meta name=\"robots\" content=\"index, follow, max-snippet:-1, max-image-preview:large, max-video-preview:-1\" \/>\n<link rel=\"canonical\" href=\"https:\/\/fibrazur.com\/index.php\/connexions-internet-solutions-de-raccordement\/\" \/>\n<meta property=\"og:locale\" content=\"en_US\" \/>\n<meta property=\"og:type\" content=\"article\" \/>\n<meta property=\"og:title\" content=\"Connexions Internet - Solutions de Raccordement - Fibr&#039;Azur\" \/>\n<meta property=\"og:description\" content=\"Besoin d&#039;un raccordement Internet performant \u00e0 Nice et dans les Alpes-Maritimes ? FIBR&#039;AZUR optimise votre connexion : fibre, 4G, satellite, WiFi et r\u00e9seau RJ45. Contactez-nous !\" \/>\n<meta property=\"og:url\" content=\"https:\/\/fibrazur.com\/index.php\/connexions-internet-solutions-de-raccordement\/\" \/>\n<meta property=\"og:site_name\" content=\"Fibr&#039;Azur\" \/>\n<meta property=\"article:modified_time\" content=\"2025-03-26T15:22:15+00:00\" \/>\n<meta property=\"og:image\" content=\"http:\/\/fibrazur.com\/wp-content\/uploads\/2025\/03\/man-with-laptop-talking-mobile-1024x1024.jpg\" \/>\n<meta name=\"twitter:card\" content=\"summary_large_image\" \/>\n<meta name=\"twitter:label1\" content=\"Est. reading time\" \/>\n\t<meta name=\"twitter:data1\" content=\"4 minutes\" \/>\n<script type=\"application\/ld+json\" class=\"yoast-schema-graph\">{\"@context\":\"https:\/\/schema.org\",\"@graph\":[{\"@type\":\"WebPage\",\"@id\":\"https:\/\/fibrazur.com\/index.php\/connexions-internet-solutions-de-raccordement\/\",\"url\":\"https:\/\/fibrazur.com\/index.php\/connexions-internet-solutions-de-raccordement\/\",\"name\":\"Connexions Internet - Solutions de Raccordement - Fibr&#039;Azur\",\"isPartOf\":{\"@id\":\"https:\/\/fibrazur.com\/#website\"},\"primaryImageOfPage\":{\"@id\":\"https:\/\/fibrazur.com\/index.php\/connexions-internet-solutions-de-raccordement\/#primaryimage\"},\"image\":{\"@id\":\"https:\/\/fibrazur.com\/index.php\/connexions-internet-solutions-de-raccordement\/#primaryimage\"},\"thumbnailUrl\":\"http:\/\/fibrazur.com\/wp-content\/uploads\/2025\/03\/man-with-laptop-talking-mobile-1024x1024.jpg\",\"datePublished\":\"2025-03-25T16:54:17+00:00\",\"dateModified\":\"2025-03-26T15:22:15+00:00\",\"description\":\"Besoin d'un raccordement Internet performant \u00e0 Nice et dans les Alpes-Maritimes ? FIBR'AZUR optimise votre connexion : fibre, 4G, satellite, WiFi et r\u00e9seau RJ45. Contactez-nous !\",\"breadcrumb\":{\"@id\":\"https:\/\/fibrazur.com\/index.php\/connexions-internet-solutions-de-raccordement\/#breadcrumb\"},\"inLanguage\":\"en-US\",\"potentialAction\":[{\"@type\":\"ReadAction\",\"target\":[\"https:\/\/fibrazur.com\/index.php\/connexions-internet-solutions-de-raccordement\/\"]}]},{\"@type\":\"ImageObject\",\"inLanguage\":\"en-US\",\"@id\":\"https:\/\/fibrazur.com\/index.php\/connexions-internet-solutions-de-raccordement\/#primaryimage\",\"url\":\"https:\/\/fibrazur.com\/wp-content\/uploads\/2025\/03\/man-with-laptop-talking-mobile-scaled.jpg\",\"contentUrl\":\"https:\/\/fibrazur.com\/wp-content\/uploads\/2025\/03\/man-with-laptop-talking-mobile-scaled.jpg\",\"width\":2560,\"height\":2560,\"caption\":\"Man with laptop talking to mobile\"},{\"@type\":\"BreadcrumbList\",\"@id\":\"https:\/\/fibrazur.com\/index.php\/connexions-internet-solutions-de-raccordement\/#breadcrumb\",\"itemListElement\":[{\"@type\":\"ListItem\",\"position\":1,\"name\":\"Accueil\",\"item\":\"http:\/\/fibrazur.com\/\"},{\"@type\":\"ListItem\",\"position\":2,\"name\":\"Connexions Internet &#8211; Solutions de Raccordement\"}]},{\"@type\":\"WebSite\",\"@id\":\"https:\/\/fibrazur.com\/#website\",\"url\":\"https:\/\/fibrazur.com\/\",\"name\":\"Fibr'Azur\",\"description\":\"FIBR&#039;AZUR, votre expert en \u00e9lectricit\u00e9, connexion internet et solaire \u00e0 Nice depuis 2019. Fiabilit\u00e9, performance et innovation pour tous vos projets ! \ud83d\udd27\u26a1\ud83c\udf1e\",\"publisher\":{\"@id\":\"https:\/\/fibrazur.com\/#organization\"},\"potentialAction\":[{\"@type\":\"SearchAction\",\"target\":{\"@type\":\"EntryPoint\",\"urlTemplate\":\"https:\/\/fibrazur.com\/?s={search_term_string}\"},\"query-input\":{\"@type\":\"PropertyValueSpecification\",\"valueRequired\":true,\"valueName\":\"search_term_string\"}}],\"inLanguage\":\"en-US\"},{\"@type\":\"Organization\",\"@id\":\"https:\/\/fibrazur.com\/#organization\",\"name\":\"Fibr'Azur\",\"url\":\"https:\/\/fibrazur.com\/\",\"logo\":{\"@type\":\"ImageObject\",\"inLanguage\":\"en-US\",\"@id\":\"https:\/\/fibrazur.com\/#\/schema\/logo\/image\/\",\"url\":\"https:\/\/fibrazur.com\/wp-content\/uploads\/2025\/03\/cropped-WhatsApp-Image-2025-03-25-a-15.46.05_269f7fb3.jpg\",\"contentUrl\":\"https:\/\/fibrazur.com\/wp-content\/uploads\/2025\/03\/cropped-WhatsApp-Image-2025-03-25-a-15.46.05_269f7fb3.jpg\",\"width\":512,\"height\":512,\"caption\":\"Fibr'Azur\"},\"image\":{\"@id\":\"https:\/\/fibrazur.com\/#\/schema\/logo\/image\/\"}}]}<\/script>\n<!-- \/ Yoast SEO plugin. -->","yoast_head_json":{"title":"Connexions Internet - Solutions de Raccordement - Fibr&#039;Azur","description":"Besoin d'un raccordement Internet performant \u00e0 Nice et dans les Alpes-Maritimes ? FIBR'AZUR optimise votre connexion : fibre, 4G, satellite, WiFi et r\u00e9seau RJ45. Contactez-nous !","robots":{"index":"index","follow":"follow","max-snippet":"max-snippet:-1","max-image-preview":"max-image-preview:large","max-video-preview":"max-video-preview:-1"},"canonical":"https:\/\/fibrazur.com\/index.php\/connexions-internet-solutions-de-raccordement\/","og_locale":"en_US","og_type":"article","og_title":"Connexions Internet - Solutions de Raccordement - Fibr&#039;Azur","og_description":"Besoin d'un raccordement Internet performant \u00e0 Nice et dans les Alpes-Maritimes ? FIBR'AZUR optimise votre connexion : fibre, 4G, satellite, WiFi et r\u00e9seau RJ45. Contactez-nous !","og_url":"https:\/\/fibrazur.com\/index.php\/connexions-internet-solutions-de-raccordement\/","og_site_name":"Fibr&#039;Azur","article_modified_time":"2025-03-26T15:22:15+00:00","og_image":[{"url":"http:\/\/fibrazur.com\/wp-content\/uploads\/2025\/03\/man-with-laptop-talking-mobile-1024x1024.jpg","type":"","width":"","height":""}],"twitter_card":"summary_large_image","twitter_misc":{"Est. reading time":"4 minutes"},"schema":{"@context":"https:\/\/schema.org","@graph":[{"@type":"WebPage","@id":"https:\/\/fibrazur.com\/index.php\/connexions-internet-solutions-de-raccordement\/","url":"https:\/\/fibrazur.com\/index.php\/connexions-internet-solutions-de-raccordement\/","name":"Connexions Internet - Solutions de Raccordement - Fibr&#039;Azur","isPartOf":{"@id":"https:\/\/fibrazur.com\/#website"},"primaryImageOfPage":{"@id":"https:\/\/fibrazur.com\/index.php\/connexions-internet-solutions-de-raccordement\/#primaryimage"},"image":{"@id":"https:\/\/fibrazur.com\/index.php\/connexions-internet-solutions-de-raccordement\/#primaryimage"},"thumbnailUrl":"http:\/\/fibrazur.com\/wp-content\/uploads\/2025\/03\/man-with-laptop-talking-mobile-1024x1024.jpg","datePublished":"2025-03-25T16:54:17+00:00","dateModified":"2025-03-26T15:22:15+00:00","description":"Besoin d'un raccordement Internet performant \u00e0 Nice et dans les Alpes-Maritimes ? FIBR'AZUR optimise votre connexion : fibre, 4G, satellite, WiFi et r\u00e9seau RJ45. Contactez-nous !","breadcrumb":{"@id":"https:\/\/fibrazur.com\/index.php\/connexions-internet-solutions-de-raccordement\/#breadcrumb"},"inLanguage":"en-US","potentialAction":[{"@type":"ReadAction","target":["https:\/\/fibrazur.com\/index.php\/connexions-internet-solutions-de-raccordement\/"]}]},{"@type":"ImageObject","inLanguage":"en-US","@id":"https:\/\/fibrazur.com\/index.php\/connexions-internet-solutions-de-raccordement\/#primaryimage","url":"https:\/\/fibrazur.com\/wp-content\/uploads\/2025\/03\/man-with-laptop-talking-mobile-scaled.jpg","contentUrl":"https:\/\/fibrazur.com\/wp-content\/uploads\/2025\/03\/man-with-laptop-talking-mobile-scaled.jpg","width":2560,"height":2560,"caption":"Man with laptop talking to mobile"},{"@type":"BreadcrumbList","@id":"https:\/\/fibrazur.com\/index.php\/connexions-internet-solutions-de-raccordement\/#breadcrumb","itemListElement":[{"@type":"ListItem","position":1,"name":"Accueil","item":"http:\/\/fibrazur.com\/"},{"@type":"ListItem","position":2,"name":"Connexions Internet &#8211; Solutions de Raccordement"}]},{"@type":"WebSite","@id":"https:\/\/fibrazur.com\/#website","url":"https:\/\/fibrazur.com\/","name":"Fibr'Azur","description":"FIBR&#039;AZUR, votre expert en \u00e9lectricit\u00e9, connexion internet et solaire \u00e0 Nice depuis 2019. Fiabilit\u00e9, performance et innovation pour tous vos projets ! \ud83d\udd27\u26a1\ud83c\udf1e","publisher":{"@id":"https:\/\/fibrazur.com\/#organization"},"potentialAction":[{"@type":"SearchAction","target":{"@type":"EntryPoint","urlTemplate":"https:\/\/fibrazur.com\/?s={search_term_string}"},"query-input":{"@type":"PropertyValueSpecification","valueRequired":true,"valueName":"search_term_string"}}],"inLanguage":"en-US"},{"@type":"Organization","@id":"https:\/\/fibrazur.com\/#organization","name":"Fibr'Azur","url":"https:\/\/fibrazur.com\/","logo":{"@type":"ImageObject","inLanguage":"en-US","@id":"https:\/\/fibrazur.com\/#\/schema\/logo\/image\/","url":"https:\/\/fibrazur.com\/wp-content\/uploads\/2025\/03\/cropped-WhatsApp-Image-2025-03-25-a-15.46.05_269f7fb3.jpg","contentUrl":"https:\/\/fibrazur.com\/wp-content\/uploads\/2025\/03\/cropped-WhatsApp-Image-2025-03-25-a-15.46.05_269f7fb3.jpg","width":512,"height":512,"caption":"Fibr'Azur"},"image":{"@id":"https:\/\/fibrazur.com\/#\/schema\/logo\/image\/"}}]}},"_links":{"self":[{"href":"https:\/\/fibrazur.com\/index.php\/wp-json\/wp\/v2\/pages\/20","targetHints":{"allow":["GET"]}}],"collection":[{"href":"https:\/\/fibrazur.com\/index.php\/wp-json\/wp\/v2\/pages"}],"about":[{"href":"https:\/\/fibrazur.com\/index.php\/wp-json\/wp\/v2\/types\/page"}],"author":[{"embeddable":true,"href":"https:\/\/fibrazur.com\/index.php\/wp-json\/wp\/v2\/users\/1"}],"replies":[{"embeddable":true,"href":"https:\/\/fibrazur.com\/index.php\/wp-json\/wp\/v2\/comments?post=20"}],"version-history":[{"count":6,"href":"https:\/\/fibrazur.com\/index.php\/wp-json\/wp\/v2\/pages\/20\/revisions"}],"predecessor-version":[{"id":135,"href":"https:\/\/fibrazur.com\/index.php\/wp-json\/wp\/v2\/pages\/20\/revisions\/135"}],"wp:attachment":[{"href":"https:\/\/fibrazur.com\/index.php\/wp-json\/wp\/v2\/media?parent=20"}],"curies":[{"name":"wp","href":"https:\/\/api.w.org\/{rel}","templated":true}]}}