{"id":99,"date":"2025-03-26T14:39:23","date_gmt":"2025-03-26T13:39:23","guid":{"rendered":"https:\/\/fibrazur.com\/?page_id=99"},"modified":"2025-03-26T14:39:24","modified_gmt":"2025-03-26T13:39:24","slug":"internetverbindung-french-riviera","status":"publish","type":"page","link":"https:\/\/fibrazur.com\/index.php\/de\/internetverbindung-french-riviera\/","title":{"rendered":"Ihr Spezialist f\u00fcr Internetverbindungen an der French Riviera"},"content":{"rendered":"\n<p class=\"has-text-align-center\"><strong>Unsere Dienstleistungen im Bereich Internetverbindung<\/strong><\/p>\n\n\n\n<p class=\"has-text-align-center\">Seit 2019 begleitet Sie FIBR&#8217;AZUR bei all Ihren Internetverbindungsanforderungen \u2013 sei es f\u00fcr eine komplexe Anbindung, eine Verbesserung Ihres Netzwerks oder eine Alternative zu herk\u00f6mmlichen L\u00f6sungen. Wir sind in Nizza und in der gesamten French Riviera im Einsatz, von der K\u00fcste bis zu den T\u00e4lern, um Ihnen eine zuverl\u00e4ssige und leistungsstarke Verbindung zu garantieren.<\/p>\n\n\n\n<p class=\"has-text-align-center\">Wir bieten eine breite Palette an Services, damit Sie eine optimale Internetverbindung genie\u00dfen k\u00f6nnen:<\/p>\n\n\n\n<h4 class=\"wp-block-heading has-text-align-center\">\ud83d\udee0\ufe0f <strong>Internetanschluss<\/strong><\/h4>\n\n\n\n<p class=\"has-text-align-center\">\ud83d\udd27 Behebung von ineffizienten oder unsch\u00f6nen Anschl\u00fcssen, die von Netzbetreibern durchgef\u00fchrt wurden.<br>\ud83c\udfe1 Anschluss von Haushalten, die von den Netzbetreibern nicht erfolgreich angebunden wurden.<br>\ud83d\udce1 L\u00f6sungen f\u00fcr H\u00e4user mit schlechter Glasfaser- oder ADSL-Abdeckung.<br>\ud83c\udf0d Einrichtung von Internetverbindungen in wei\u00dfen Zonen.<\/p>\n\n\n\n<h4 class=\"wp-block-heading has-text-align-center\">\ud83d\ude80 <strong>Optimierung des Internetnetzwerks<\/strong><\/h4>\n\n\n\n<p class=\"has-text-align-center\">\ud83d\udcf6 Verbesserung der Geschwindigkeit und WLAN-Abdeckung in Ihrem Zuhause oder Ihren Gesch\u00e4ftsr\u00e4umen, auch im Au\u00dfenbereich.<br>\ud83d\udce1 Installation von Repeatern und Mesh-L\u00f6sungen f\u00fcr eine bessere Reichweite.<br>\ud83d\udd0c Verlegung von RJ45-Netzwerkkabeln f\u00fcr eine stabile und leistungsf\u00e4hige Verbindung.<br>\ud83d\udd10 Sicherung und Optimierung von privaten und gesch\u00e4ftlichen Netzwerken.<\/p>\n\n\n\n<h4 class=\"wp-block-heading has-text-align-center\">\ud83c\udf0d <strong>Alternative Internetl\u00f6sungen<\/strong><\/h4>\n\n\n\n<p class=\"has-text-align-center\">\ud83d\udce1 Installation von 4G\/5G-Routern f\u00fcr schnellen und stabilen Internetzugang.<br>\ud83d\udef0\ufe0f Einrichtung von Satellitenverbindungen f\u00fcr abgelegene Gebiete.<br>\ud83d\udd04 Analyse und Umsetzung hybrider L\u00f6sungen f\u00fcr eine durchgehende Verbindung.<\/p>\n\n\n\n<h4 class=\"wp-block-heading has-text-align-center\">\ud83c\udd98 <strong>Wartung und Reparatur<\/strong><\/h4>\n\n\n\n<p class=\"has-text-align-center\">\ud83d\udee0\ufe0f Diagnose und Behebung von Verbindungsproblemen.<br>\ud83d\udd04 Austausch und Konfiguration von Internetboxen und Netzwerkausr\u00fcstungen.<br>\ud83d\udca1 Unterst\u00fctzung und Beratung zur Verbesserung der Internetleistung.<\/p>\n\n\n\n<h3 class=\"wp-block-heading has-text-align-center\"><strong>\ud83c\udfaf Warum FIBR&#8217;AZUR w\u00e4hlen?<\/strong><\/h3>\n\n\n\n<p class=\"has-text-align-center\">\ud83c\udfc5 <strong>Fachwissen und Erfahrung<\/strong> \u2013 Ein lokales Unternehmen mit jahrelanger Expertise.<br>\ud83d\udee0\ufe0f <strong>Ma\u00dfgeschneiderte L\u00f6sungen<\/strong> \u2013 Dienstleistungen, die auf Ihre Bed\u00fcrfnisse und Ihren Standort abgestimmt sind.<br>\u26a1 <strong>Schnelle Intervention<\/strong> \u2013 Verf\u00fcgbarkeit und Reaktionsschnelligkeit in der gesamten Region.<br>\u2705 <strong>Qualit\u00e4t und Zuverl\u00e4ssigkeit<\/strong> \u2013 Leistungsstarke L\u00f6sungen f\u00fcr eine optimale Verbindung.<br>\ud83d\udde3\ufe0f <strong>Wir sprechen ein wenig Deutsch!<\/strong><\/p>\n\n\n\n<h3 class=\"wp-block-heading has-text-align-center\"><strong>\ud83d\udce9 Kontaktieren Sie uns<\/strong><\/h3>\n\n\n\n<p class=\"has-text-align-center\">Haben Sie Probleme mit Ihrer Internetverbindung oder ben\u00f6tigen Sie einen Anschluss? <strong>Jean-Philippe und Julien<\/strong> stehen Ihnen beratend zur Seite und greifen schnell ein.<\/p>\n\n\n\n<p class=\"has-text-align-center\">\ud83d\udce9 <strong><a href=\"https:\/\/fibrazur.com\/index.php\/contactez-nous\/\">F\u00fcllen Sie unser Kontaktformular aus, und wir rufen Sie innerhalb von 24 Stunden zur\u00fcck!<\/a><\/strong><\/p>\n\n\n\n<p class=\"has-text-align-center\">\ud83d\udccd <strong>FIBR&#8217;AZUR ist in der gesamten French Riviera t\u00e4tig<\/strong>, darunter:<br>\ud83c\udfd9\ufe0f <em>Nizza, Antibes, Cannes, Grasse, Cagnes-sur-Mer, Menton, Le Cannet, Saint-Laurent-du-Var&#8230;<\/em><\/p>\n\n\n\n<p class=\"has-text-align-center\">\ud83c\udf0d <strong>Eins\u00e4tze in St\u00e4dten, an der K\u00fcste und in den T\u00e4lern der French Riviera!<\/strong><\/p>\n\n\n\n<figure class=\"wp-block-image aligncenter size-large is-resized\"><a href=\"https:\/\/www.nordnet.com\/connexion-internet\/internet-satellite\"><img loading=\"lazy\" decoding=\"async\" width=\"1024\" height=\"338\" src=\"https:\/\/fibrazur.com\/wp-content\/uploads\/2025\/03\/LOGO-NORDNET-4-1024x338.jpg\" alt=\"\" class=\"wp-image-103\" style=\"width:200px;height:auto\" srcset=\"https:\/\/fibrazur.com\/wp-content\/uploads\/2025\/03\/LOGO-NORDNET-4-1024x338.jpg 1024w, https:\/\/fibrazur.com\/wp-content\/uploads\/2025\/03\/LOGO-NORDNET-4-300x99.jpg 300w, https:\/\/fibrazur.com\/wp-content\/uploads\/2025\/03\/LOGO-NORDNET-4-768x254.jpg 768w, https:\/\/fibrazur.com\/wp-content\/uploads\/2025\/03\/LOGO-NORDNET-4.jpg 1181w\" sizes=\"auto, (max-width: 1024px) 100vw, 1024px\" \/><\/a><\/figure>\n\n\n\n<figure class=\"wp-block-image aligncenter size-full is-resized\"><a href=\"https:\/\/www.starlink.com\/de\"><img loading=\"lazy\" decoding=\"async\" width=\"800\" height=\"996\" src=\"https:\/\/fibrazur.com\/wp-content\/uploads\/2025\/03\/Starlink_Logo_2024.svg-1.png\" alt=\"\" class=\"wp-image-104\" style=\"width:117px;height:auto\" srcset=\"https:\/\/fibrazur.com\/wp-content\/uploads\/2025\/03\/Starlink_Logo_2024.svg-1.png 800w, https:\/\/fibrazur.com\/wp-content\/uploads\/2025\/03\/Starlink_Logo_2024.svg-1-241x300.png 241w, https:\/\/fibrazur.com\/wp-content\/uploads\/2025\/03\/Starlink_Logo_2024.svg-1-768x956.png 768w\" sizes=\"auto, (max-width: 800px) 100vw, 800px\" \/><\/a><\/figure>\n","protected":false},"excerpt":{"rendered":"<p>Unsere Dienstleistungen im Bereich Internetverbindung Seit 2019 begleitet Sie FIBR&#8217;AZUR bei all Ihren Internetverbindungsanforderungen \u2013 sei es f\u00fcr eine komplexe Anbindung, eine Verbesserung Ihres Netzwerks oder eine Alternative zu herk\u00f6mmlichen L\u00f6sungen. Wir sind in Nizza und in der gesamten French Riviera im Einsatz, von der K\u00fcste bis zu den T\u00e4lern, um Ihnen eine zuverl\u00e4ssige und [&hellip;]<\/p>\n","protected":false},"author":1,"featured_media":0,"parent":0,"menu_order":0,"comment_status":"closed","ping_status":"closed","template":"","meta":{"footnotes":""},"class_list":["post-99","page","type-page","status-publish","hentry"],"blocksy_meta":[],"yoast_head":"<!-- This site is optimized with the Yoast SEO plugin v27.1.1 - https:\/\/yoast.com\/product\/yoast-seo-wordpress\/ -->\n<title>FIBR&#039;AZUR \u2013 Ihr Experte f\u00fcr Internetverbindungen an der French Riviera | Glasfaser, 4G, Satellit<\/title>\n<meta name=\"description\" content=\"Zuverl\u00e4ssiges Internet an der French Riviera? FIBR&#039;AZUR optimiert Ihr Netzwerk: Glasfaser, 4G, Satellit. Jetzt kontaktieren!\" \/>\n<meta name=\"robots\" content=\"index, follow, max-snippet:-1, max-image-preview:large, max-video-preview:-1\" \/>\n<link rel=\"canonical\" href=\"https:\/\/fibrazur.com\/index.php\/de\/internetverbindung-french-riviera\/\" \/>\n<meta property=\"og:locale\" content=\"en_US\" \/>\n<meta property=\"og:type\" content=\"article\" \/>\n<meta property=\"og:title\" content=\"FIBR&#039;AZUR \u2013 Ihr Experte f\u00fcr Internetverbindungen an der French Riviera | Glasfaser, 4G, Satellit\" \/>\n<meta property=\"og:description\" content=\"Zuverl\u00e4ssiges Internet an der French Riviera? FIBR&#039;AZUR optimiert Ihr Netzwerk: Glasfaser, 4G, Satellit. Jetzt kontaktieren!\" \/>\n<meta property=\"og:url\" content=\"https:\/\/fibrazur.com\/index.php\/de\/internetverbindung-french-riviera\/\" \/>\n<meta property=\"og:site_name\" content=\"Fibr&#039;Azur\" \/>\n<meta property=\"article:modified_time\" content=\"2025-03-26T13:39:24+00:00\" \/>\n<meta property=\"og:image\" content=\"https:\/\/fibrazur.com\/wp-content\/uploads\/2025\/03\/LOGO-NORDNET-4-1024x338.jpg\" \/>\n<meta name=\"twitter:card\" content=\"summary_large_image\" \/>\n<meta name=\"twitter:label1\" content=\"Est. reading time\" \/>\n\t<meta name=\"twitter:data1\" content=\"3 minutes\" \/>\n<script type=\"application\/ld+json\" class=\"yoast-schema-graph\">{\"@context\":\"https:\/\/schema.org\",\"@graph\":[{\"@type\":\"WebPage\",\"@id\":\"https:\/\/fibrazur.com\/index.php\/de\/internetverbindung-french-riviera\/\",\"url\":\"https:\/\/fibrazur.com\/index.php\/de\/internetverbindung-french-riviera\/\",\"name\":\"FIBR'AZUR \u2013 Ihr Experte f\u00fcr Internetverbindungen an der French Riviera | Glasfaser, 4G, Satellit\",\"isPartOf\":{\"@id\":\"https:\/\/fibrazur.com\/#website\"},\"primaryImageOfPage\":{\"@id\":\"https:\/\/fibrazur.com\/index.php\/de\/internetverbindung-french-riviera\/#primaryimage\"},\"image\":{\"@id\":\"https:\/\/fibrazur.com\/index.php\/de\/internetverbindung-french-riviera\/#primaryimage\"},\"thumbnailUrl\":\"https:\/\/fibrazur.com\/wp-content\/uploads\/2025\/03\/LOGO-NORDNET-4-1024x338.jpg\",\"datePublished\":\"2025-03-26T13:39:23+00:00\",\"dateModified\":\"2025-03-26T13:39:24+00:00\",\"description\":\"Zuverl\u00e4ssiges Internet an der French Riviera? FIBR'AZUR optimiert Ihr Netzwerk: Glasfaser, 4G, Satellit. Jetzt kontaktieren!\",\"breadcrumb\":{\"@id\":\"https:\/\/fibrazur.com\/index.php\/de\/internetverbindung-french-riviera\/#breadcrumb\"},\"inLanguage\":\"en-US\",\"potentialAction\":[{\"@type\":\"ReadAction\",\"target\":[\"https:\/\/fibrazur.com\/index.php\/de\/internetverbindung-french-riviera\/\"]}]},{\"@type\":\"ImageObject\",\"inLanguage\":\"en-US\",\"@id\":\"https:\/\/fibrazur.com\/index.php\/de\/internetverbindung-french-riviera\/#primaryimage\",\"url\":\"https:\/\/fibrazur.com\/wp-content\/uploads\/2025\/03\/LOGO-NORDNET-4.jpg\",\"contentUrl\":\"https:\/\/fibrazur.com\/wp-content\/uploads\/2025\/03\/LOGO-NORDNET-4.jpg\",\"width\":1181,\"height\":390},{\"@type\":\"BreadcrumbList\",\"@id\":\"https:\/\/fibrazur.com\/index.php\/de\/internetverbindung-french-riviera\/#breadcrumb\",\"itemListElement\":[{\"@type\":\"ListItem\",\"position\":1,\"name\":\"Accueil\",\"item\":\"http:\/\/fibrazur.com\/\"},{\"@type\":\"ListItem\",\"position\":2,\"name\":\"Ihr Spezialist f\u00fcr Internetverbindungen an der French Riviera\"}]},{\"@type\":\"WebSite\",\"@id\":\"https:\/\/fibrazur.com\/#website\",\"url\":\"https:\/\/fibrazur.com\/\",\"name\":\"Fibr'Azur\",\"description\":\"FIBR&#039;AZUR, votre expert en \u00e9lectricit\u00e9, connexion internet et solaire \u00e0 Nice depuis 2019. Fiabilit\u00e9, performance et innovation pour tous vos projets ! \ud83d\udd27\u26a1\ud83c\udf1e\",\"publisher\":{\"@id\":\"https:\/\/fibrazur.com\/#organization\"},\"potentialAction\":[{\"@type\":\"SearchAction\",\"target\":{\"@type\":\"EntryPoint\",\"urlTemplate\":\"https:\/\/fibrazur.com\/?s={search_term_string}\"},\"query-input\":{\"@type\":\"PropertyValueSpecification\",\"valueRequired\":true,\"valueName\":\"search_term_string\"}}],\"inLanguage\":\"en-US\"},{\"@type\":\"Organization\",\"@id\":\"https:\/\/fibrazur.com\/#organization\",\"name\":\"Fibr'Azur\",\"url\":\"https:\/\/fibrazur.com\/\",\"logo\":{\"@type\":\"ImageObject\",\"inLanguage\":\"en-US\",\"@id\":\"https:\/\/fibrazur.com\/#\/schema\/logo\/image\/\",\"url\":\"https:\/\/fibrazur.com\/wp-content\/uploads\/2025\/03\/cropped-WhatsApp-Image-2025-03-25-a-15.46.05_269f7fb3.jpg\",\"contentUrl\":\"https:\/\/fibrazur.com\/wp-content\/uploads\/2025\/03\/cropped-WhatsApp-Image-2025-03-25-a-15.46.05_269f7fb3.jpg\",\"width\":512,\"height\":512,\"caption\":\"Fibr'Azur\"},\"image\":{\"@id\":\"https:\/\/fibrazur.com\/#\/schema\/logo\/image\/\"}}]}<\/script>\n<!-- \/ Yoast SEO plugin. -->","yoast_head_json":{"title":"FIBR'AZUR \u2013 Ihr Experte f\u00fcr Internetverbindungen an der French Riviera | Glasfaser, 4G, Satellit","description":"Zuverl\u00e4ssiges Internet an der French Riviera? FIBR'AZUR optimiert Ihr Netzwerk: Glasfaser, 4G, Satellit. Jetzt kontaktieren!","robots":{"index":"index","follow":"follow","max-snippet":"max-snippet:-1","max-image-preview":"max-image-preview:large","max-video-preview":"max-video-preview:-1"},"canonical":"https:\/\/fibrazur.com\/index.php\/de\/internetverbindung-french-riviera\/","og_locale":"en_US","og_type":"article","og_title":"FIBR'AZUR \u2013 Ihr Experte f\u00fcr Internetverbindungen an der French Riviera | Glasfaser, 4G, Satellit","og_description":"Zuverl\u00e4ssiges Internet an der French Riviera? FIBR'AZUR optimiert Ihr Netzwerk: Glasfaser, 4G, Satellit. Jetzt kontaktieren!","og_url":"https:\/\/fibrazur.com\/index.php\/de\/internetverbindung-french-riviera\/","og_site_name":"Fibr&#039;Azur","article_modified_time":"2025-03-26T13:39:24+00:00","og_image":[{"url":"https:\/\/fibrazur.com\/wp-content\/uploads\/2025\/03\/LOGO-NORDNET-4-1024x338.jpg","type":"","width":"","height":""}],"twitter_card":"summary_large_image","twitter_misc":{"Est. reading time":"3 minutes"},"schema":{"@context":"https:\/\/schema.org","@graph":[{"@type":"WebPage","@id":"https:\/\/fibrazur.com\/index.php\/de\/internetverbindung-french-riviera\/","url":"https:\/\/fibrazur.com\/index.php\/de\/internetverbindung-french-riviera\/","name":"FIBR'AZUR \u2013 Ihr Experte f\u00fcr Internetverbindungen an der French Riviera | Glasfaser, 4G, Satellit","isPartOf":{"@id":"https:\/\/fibrazur.com\/#website"},"primaryImageOfPage":{"@id":"https:\/\/fibrazur.com\/index.php\/de\/internetverbindung-french-riviera\/#primaryimage"},"image":{"@id":"https:\/\/fibrazur.com\/index.php\/de\/internetverbindung-french-riviera\/#primaryimage"},"thumbnailUrl":"https:\/\/fibrazur.com\/wp-content\/uploads\/2025\/03\/LOGO-NORDNET-4-1024x338.jpg","datePublished":"2025-03-26T13:39:23+00:00","dateModified":"2025-03-26T13:39:24+00:00","description":"Zuverl\u00e4ssiges Internet an der French Riviera? FIBR'AZUR optimiert Ihr Netzwerk: Glasfaser, 4G, Satellit. Jetzt kontaktieren!","breadcrumb":{"@id":"https:\/\/fibrazur.com\/index.php\/de\/internetverbindung-french-riviera\/#breadcrumb"},"inLanguage":"en-US","potentialAction":[{"@type":"ReadAction","target":["https:\/\/fibrazur.com\/index.php\/de\/internetverbindung-french-riviera\/"]}]},{"@type":"ImageObject","inLanguage":"en-US","@id":"https:\/\/fibrazur.com\/index.php\/de\/internetverbindung-french-riviera\/#primaryimage","url":"https:\/\/fibrazur.com\/wp-content\/uploads\/2025\/03\/LOGO-NORDNET-4.jpg","contentUrl":"https:\/\/fibrazur.com\/wp-content\/uploads\/2025\/03\/LOGO-NORDNET-4.jpg","width":1181,"height":390},{"@type":"BreadcrumbList","@id":"https:\/\/fibrazur.com\/index.php\/de\/internetverbindung-french-riviera\/#breadcrumb","itemListElement":[{"@type":"ListItem","position":1,"name":"Accueil","item":"http:\/\/fibrazur.com\/"},{"@type":"ListItem","position":2,"name":"Ihr Spezialist f\u00fcr Internetverbindungen an der French Riviera"}]},{"@type":"WebSite","@id":"https:\/\/fibrazur.com\/#website","url":"https:\/\/fibrazur.com\/","name":"Fibr'Azur","description":"FIBR&#039;AZUR, votre expert en \u00e9lectricit\u00e9, connexion internet et solaire \u00e0 Nice depuis 2019. Fiabilit\u00e9, performance et innovation pour tous vos projets ! \ud83d\udd27\u26a1\ud83c\udf1e","publisher":{"@id":"https:\/\/fibrazur.com\/#organization"},"potentialAction":[{"@type":"SearchAction","target":{"@type":"EntryPoint","urlTemplate":"https:\/\/fibrazur.com\/?s={search_term_string}"},"query-input":{"@type":"PropertyValueSpecification","valueRequired":true,"valueName":"search_term_string"}}],"inLanguage":"en-US"},{"@type":"Organization","@id":"https:\/\/fibrazur.com\/#organization","name":"Fibr'Azur","url":"https:\/\/fibrazur.com\/","logo":{"@type":"ImageObject","inLanguage":"en-US","@id":"https:\/\/fibrazur.com\/#\/schema\/logo\/image\/","url":"https:\/\/fibrazur.com\/wp-content\/uploads\/2025\/03\/cropped-WhatsApp-Image-2025-03-25-a-15.46.05_269f7fb3.jpg","contentUrl":"https:\/\/fibrazur.com\/wp-content\/uploads\/2025\/03\/cropped-WhatsApp-Image-2025-03-25-a-15.46.05_269f7fb3.jpg","width":512,"height":512,"caption":"Fibr'Azur"},"image":{"@id":"https:\/\/fibrazur.com\/#\/schema\/logo\/image\/"}}]}},"_links":{"self":[{"href":"https:\/\/fibrazur.com\/index.php\/wp-json\/wp\/v2\/pages\/99","targetHints":{"allow":["GET"]}}],"collection":[{"href":"https:\/\/fibrazur.com\/index.php\/wp-json\/wp\/v2\/pages"}],"about":[{"href":"https:\/\/fibrazur.com\/index.php\/wp-json\/wp\/v2\/types\/page"}],"author":[{"embeddable":true,"href":"https:\/\/fibrazur.com\/index.php\/wp-json\/wp\/v2\/users\/1"}],"replies":[{"embeddable":true,"href":"https:\/\/fibrazur.com\/index.php\/wp-json\/wp\/v2\/comments?post=99"}],"version-history":[{"count":1,"href":"https:\/\/fibrazur.com\/index.php\/wp-json\/wp\/v2\/pages\/99\/revisions"}],"predecessor-version":[{"id":105,"href":"https:\/\/fibrazur.com\/index.php\/wp-json\/wp\/v2\/pages\/99\/revisions\/105"}],"wp:attachment":[{"href":"https:\/\/fibrazur.com\/index.php\/wp-json\/wp\/v2\/media?parent=99"}],"curies":[{"name":"wp","href":"https:\/\/api.w.org\/{rel}","templated":true}]}}